 Suppose 5*v - 30 - q = 0. What is the units digit of v?
4
What is the units digit of (-7 - 2672/(-12)) + 2/(-3)?
5
Let f be 130/18 - 6/27. What is the units digit of (-1)/((4/f)/(-4))?
7
What is the units digit of 10 + (-6 - -2) + 3?
9
Let j be (6/4)/(6/(-12)). Let x = j - -5. Suppose x*r - 18 = -4. What is the units digit of r?
7
Let i = 135 + -79. What is the tens digit of i?
5
Let d(u) = u**2 + 2*u - 3. Let v be d(-3). Let a = v - 0. Suppose g + g - 4 = a. What is the units digit of g?
2
Let k(n) be the third derivative of n**6/120 - n**5/20 - n**4/4 - 5*n**3/6 - 5*n**2. What is the tens digit of k(5)?
1
Suppose 5*g - 2*g - 264 = 0. What is the tens digit of g?
8
Suppose -4*n = -2*i + 14, 0 = -4*n - n + 4*i - 10. Let x = n + 13. What is the units digit of x?
7
Let b(r) be the third derivative of -r**6/120 + r**5/15 - r**4/12 + r**3/2 + 3*r**2. What is the units digit of b(3)?
6
Suppose 9 = 5*a - 1. Suppose 12 - a = -5*d. What is the units digit of (3/d)/((-9)/60)?
0
Let s = -35 + 25. Let a = s + 16. Suppose 22 = 2*v - 4*u + a, 0 = -v - 3*u - 2. What is the units digit of v?
4
Let s be (-6)/24 - 26/(-8). Suppose s*c - 52 = 2*c. What is the tens digit of c?
5
Suppose -7*a + 3*a + 24 = -2*m, -m + 4*a - 22 = 0. Let v = 3 + m. Let b = 0 + v. What is the units digit of b?
1
Let j = 97 - 69. Suppose 0 = p - 2*s - 2*s - j, 5*s = 5*p - 170. What is the tens digit of p?
3
Let u(g) = 2*g + 7*g - 10*g + 6. Suppose 0*d - 2*d + 33 = -5*a, 0 = -2*a + 4*d - 10. What is the units digit of u(a)?
3
Let u = -31 - -63. What is the units digit of u?
2
Let v = -11 - -18. Suppose 0 = 4*n - 23 + v. What is the units digit of n?
4
Suppose 0 = 3*s + 2*y - 3*y - 8, 0 = -4*s + 3*y + 9. What is the units digit of s?
3
Let k be 6 - 4/(2 + 0). Suppose -3*y = -k + 19. What is the units digit of (0 - -1)*(-55)/y?
1
Let f(r) = 13*r - 4. What is the tens digit of f(13)?
6
Let a = 13 + -8. Suppose 0*o = -3*o. Suppose 0 = -0*l + a*l - c - 85, o = l + 5*c - 43. What is the tens digit of l?
1
Let d = -78 + 125. What is the tens digit of d?
4
Let u(n) = 11*n**2 - 2*n**2 - 2*n**3 + n**3 - 4*n**2. What is the units digit of u(4)?
6
Let i(g) be the first derivative of 5*g**2/2 - g - 1. Let q be i(1). Suppose 5*s - 58 = -q*y, -2*s - y = -s - 12. What is the tens digit of s?
1
Let h = -2 + -8. Suppose 11*c - 50 = 6*c. What is the units digit of h*(-2)/c*2?
4
Suppose -3*t + 6*c + 26 = c, t - 5*c - 22 = 0. Suppose -5*k = -t*k - 72. Suppose 4 = 4*s - k. What is the units digit of s?
7
Let u(x) = -x + 4. Let m be u(0). Suppose -19 = -5*d - m. Suppose -d*k + 24 = -k. What is the units digit of k?
2
Suppose -v = -4 + 8. Let u be (0 + 1 + 4)*1. What is the units digit of ((-32)/5)/v*u?
8
Let g(h) = h - 2. Let v be g(-2). What is the units digit of 3/4 + v/(-16)?
1
Suppose 2*o + 3*o - 165 = -5*r, 2*o = -5*r + 180. What is the tens digit of r?
3
Suppose u = -10 + 22. Suppose 0 = -y - 4*a - 1 + 23, y + 2*a - u = 0. Suppose k = -y + 4. What is the units digit of k?
2
Let b be (-2*3 - 1)*-1. Let t = b + 2. What is the units digit of t?
9
Let u(z) = -z**3 - 5*z**2 + 5*z - 2. Let i be u(-6). Let x(w) = 4*w - 8. Let j be x(6). Suppose 0*o = -i*o + j. What is the units digit of o?
4
Suppose 84 = b + 16. What is the tens digit of b?
6
Suppose -2*w = 2*k + 2, 3*k - w - 4 = k. What is the units digit of 11/(k*(3 - 2))?
1
Let w = -1 + 1. Suppose 0 = -w*h - 2*h + l + 26, -4*h + 3*l + 54 = 0. What is the tens digit of h?
1
Let t(u) = 8*u - 15. What is the units digit of t(12)?
1
Let t(s) = 9*s**3 - 2*s**2 - s + 1. What is the tens digit of t(2)?
6
Suppose -34*d = -32*d - 158. What is the units digit of d?
9
Let x(l) = -l**2 - 4*l. Let h be x(-5). Let d = h + 0. Let v = -3 - d. What is the units digit of v?
2
Let u(i) be the second derivative of -i**5/20 + i**4 + 13*i**3/6 + 5*i**2 + 4*i. What is the units digit of u(13)?
0
What is the units digit of 4 - (-8 + 4) - 3?
5
Suppose u - 77 = 20. What is the tens digit of u?
9
Suppose 0*w - 50 = -w. What is the units digit of w?
0
What is the tens digit of (12/(-8))/((-2)/56)?
4
Suppose 5*z = 6 + 4. Suppose z*j + 4*n - 12 = -0*j, -5*j - 2*n = 2. Let f = j + 6. What is the units digit of f?
4
Let n(k) = 2*k**2 - 16*k - 30. What is the tens digit of n(13)?
0
Let r = -4 - 0. Let z = r + 6. Suppose 0 = 7*m - z*m - 55. What is the tens digit of m?
1
Let r = -12 + 21. Let q(t) = t**2 - 7*t + 3. What is the units digit of q(r)?
1
Let r = -300 + 453. What is the hundreds digit of r?
1
Let f(d) be the third derivative of -d**6/120 + d**5/4 + d**4/8 - 5*d**3/2 + 4*d**2. What is the units digit of f(15)?
0
Let h be 1*(-1)/(-2)*-22. Let l = -4 - h. Let z = l - -7. What is the tens digit of z?
1
Let z be ((-80)/(-15) + -4)*-9. Let a be -4*(-1 + (-1)/(-2)). What is the units digit of (-59)/(-6) - a/z?
0
Let w = 54 + 25. What is the tens digit of w?
7
Let p = 114 + -67. What is the tens digit of p?
4
Let r(z) = -2*z - 12. What is the units digit of r(-10)?
8
What is the tens digit of (-712)/4*(-2)/4?
8
Let q(j) = 5*j**3 + 2*j**2 + 6*j + 5. Let r(k) = 6*k**3 + 2*k**2 + 7*k + 6. Let v(u) = 7*q(u) - 6*r(u). What is the tens digit of v(-3)?
4
Suppose 0 = 4*d + 5*r + 102, 5*r = r + 8. What is the units digit of ((-2)/1)/(4/d)?
4
Let j = 0 - 2. Let i be (5/(-2))/((-8)/(-80)). What is the units digit of -5*(-5)/(i/j)?
2
Let l(k) = -15*k - 6. What is the tens digit of l(-5)?
6
Let z(u) = -u**3 - 6*u**2 - 5*u + 2. Let l be z(-5). What is the tens digit of (16 + -4)/(l/6)?
3
Suppose 0 = -5*n + 101 + 4. What is the tens digit of n?
2
Let z = 17 + 19. What is the tens digit of z?
3
Let p(v) = -v**3 + 4*v**2 - 3*v + 6. Let n be p(4). Let m = n - -28. What is the tens digit of m?
2
Let v(t) = 94*t - 1. What is the units digit of v(4)?
5
Suppose 0 = v + 25 + 25. What is the units digit of (-110)/v + (-2)/10?
2
Suppose -3*q + 6*q = -p - 13, 5*p - q - 15 = 0. What is the units digit of p?
2
Let r(k) be the first derivative of k**5/120 + k**4/12 - 2*k**3/3 - 1. Let f(o) be the third derivative of r(o). What is the units digit of f(3)?
5
What is the units digit of ((-12)/18)/(4/(-174))?
9
Suppose -h = -4*h + 9. Suppose -y - h*a = -a - 24, -54 = -2*y - a. What is the tens digit of y?
2
Let p(s) = 4*s**3 + 4*s**2 + 2*s - 1. Let q(i) = -i**3 - i. Let b(r) = -p(r) - 5*q(r). What is the units digit of b(3)?
1
Let q = 90 - -13. What is the units digit of q?
3
Let l(a) = -a**3 + a**2 + 2*a + 339. What is the tens digit of l(0)?
3
Let t(l) = -l**2 + 41. Let f be t(0). Let v = f + -29. What is the tens digit of v?
1
Let x(y) = 2*y**2 - 3*y + 4. What is the units digit of x(3)?
3
Suppose -33*g = -26*g. Let y(h) = 4*h**2 + 4*h + 7. Let s(m) = -7*m**2 - 7*m - 15. Let l(j) = -3*s(j) - 5*y(j). What is the units digit of l(g)?
0
Let x = -89 + 44. What is the units digit of x/(-63) + (-2)/(-7)?
1
Let c = 192 - 270. What is the tens digit of (-2196)/c + 4/(-26)?
2
Suppose -j + 7 = 5*d + 23, j + 11 = -4*d. What is the units digit of j?
9
Let u = -39 + 410. What is the units digit of u?
1
Let v be 3/(-6)*-2 - -3. Let k(y) = 1 + v + y**3 - 4*y - 2*y**2 - y**2. What is the units digit of k(4)?
5
Let x(u) = 3*u**3 + u**2 - u. Let p(m) = m**3 + 9*m**2 + 9*m + 9. Let y be p(-8). What is the units digit of x(y)?
3
Suppose 0 = 2*u - h - 224, 2*u + 4*h - 222 + 8 = 0. What is the hundreds digit of u?
1
Let i(b) = b + 13. Let a(t) = t + 12. Let v(m) = -5*a(m) + 6*i(m). What is the units digit of v(-11)?
7
Let o(n) be the second derivative of -n**5/20 + n**3/6 + n**2/2 - n. Let x(v) = -v**3 + 7*v**2 - 6*v. Let h be x(6). What is the units digit of o(h)?
1
What is the units digit of (0 - -1)/(-2*2/(-392))?
8
Suppose 9*s - 522 = -81. What is the units digit of s?
9
Let c be (348/16)/3*-4. Let b = 13 - c. What is the units digit of b?
2
Let c = 17 - 26. Let u be (-47)/c + 2/(-9). Let r = u + 0. What is the units digit of r?
5
Let d(l) = -l**2 - 10*l - 4. What is the tens digit of d(-7)?
1
Let r(m) = -m**2 - 8*m - 2. What is the units digit of r(-3)?
3
Let r be (-10)/4 + (-2)/(-4). What is the tens digit of (-5)/(5/r + 2)?
1
Suppose 306 + 141 = 3*o. What is the units digit of o?
9
Let f(r) = r**3 - r + 5. Suppose t + 2*t = 0. Let d be f(t). Suppose -a = -0*a - d. What is the units digit of a?
5
Let n = 53 + -38. Suppose -3*a